{"id":1242,"date":"2025-09-26T13:12:15","date_gmt":"2025-09-26T13:12:15","guid":{"rendered":"https:\/\/taipan.ro\/?page_id=1242"},"modified":"2025-09-26T13:24:26","modified_gmt":"2025-09-26T13:24:26","slug":"utilaje","status":"publish","type":"page","link":"https:\/\/taipan.ro\/index.php\/utilaje\/","title":{"rendered":"Utilaje"},"content":{"rendered":"<p>[vc_row][vc_column width=&#8221;1\/4&#8243;][vc_gallery interval=&#8221;3&#8243; images=&#8221;1248,1249,1250,1251,1252,1253&#8243; img_size=&#8221;full&#8221;][\/vc_column][vc_column width=&#8221;3\/4&#8243;][vc_column_text]Transpalet Manual:<\/p>\n<p>\uf0b7\u00a0 Este destinat pentru <strong>manipularea pale\u021bilor<\/strong> pe distan\u021be scurte \u00een depozite, hale sau camioane.<\/p>\n<p>\uf0b7\u00a0 Func\u021bioneaz\u0103 cu <strong>pomp\u0103 hidraulic\u0103 manual\u0103<\/strong>, ac\u021bionat\u0103 din m\u00e2ner.<\/p>\n<p>\uf0b7\u00a0 Poate ridica sarcini de aproximativ <strong>2\u20132,5 tone<\/strong>, \u00een func\u021bie de model.<\/p>\n<p>\uf0b7\u00a0 Are <strong>ro\u021bi duble frontale<\/strong> la cap\u0103tul m\u00e2nerului, ceea ce \u00eel face mai stabil \u0219i mai u\u0219or de manevrat \u00een spa\u021bii \u00eenguste.<\/p>\n<p>\uf0b7\u00a0 Furcile sunt mai scurte dec\u00e2t la alte modele, ceea ce \u00eel face util pentru <strong>pale\u021bi mici sau pentru zone cu acces limitat<\/strong>.<\/p>\n<p>\uf0b7\u00a0 Este simplu de \u00eentre\u021binut, nu are motor \u0219i nu necesit\u0103 energie electric\u0103.[\/vc_column_text][\/vc_column][\/vc_row][vc_row][vc_column width=&#8221;1\/4&#8243;][vc_gallery interval=&#8221;3&#8243; images=&#8221;1257,1258,1259&#8243;][\/vc_column][vc_column width=&#8221;3\/4&#8243;][vc_column_text]<strong>Stivuitor electric pedestru Hyster<\/strong>, adic\u0103 un echipament de tip <strong>stacker<\/strong>.<\/p>\n<p>\uf0b7\u00a0 Este ac\u021bionat electric \u0219i se manevreaz\u0103 din picioare, folosind man\u0219a de control.<\/p>\n<p>\uf0b7\u00a0 Capacitatea de ridicare este de aproximativ <strong>1\u20131,6 tone<\/strong>, \u00een func\u021bie de model.<\/p>\n<p>\uf0b7\u00a0 Este destinat pentru <strong>depozite \u0219i spa\u021bii interioare<\/strong> unde accesul este limitat pentru motostivuitoare mari.<\/p>\n<p>\uf0b7\u00a0 Are <strong>catarg dublu sau triplu<\/strong>, care permite ridicarea pale\u021bilor pe rafturi \u00eenalte.<\/p>\n<p>\uf0b7\u00a0 Furcile sunt mai sub\u021biri \u0219i au <strong>ro\u021bi mici de ghidare<\/strong>, ceea ce \u00eel face potrivit pentru lucrul pe podele netede.<\/p>\n<p>\uf0b7\u00a0 Este mai compact dec\u00e2t un motostivuitor clasic \u0219i ideal pentru <strong>coridoare \u00eenguste<\/strong>.<\/p>\n<p>\uf0b7\u00a0 Operatorul trebuie s\u0103 fie atent la spa\u021biul de manevr\u0103, deoarece echipamentul se afl\u0103 \u00een imediata apropiere a corpului.[\/vc_column_text][\/vc_column][\/vc_row][vc_row][vc_column width=&#8221;1\/4&#8243;][vc_gallery interval=&#8221;3&#8243; images=&#8221;1260,1261,1262,1263&#8243;][\/vc_column][vc_column width=&#8221;3\/4&#8243;][vc_column_text]Electrostivuitor marca <strong>Komatsu<\/strong>, model <strong>20<\/strong> (seria de 2 tone)<\/p>\n<p>\uf0b7\u00a0 Capacitatea de ridicare este de aproximativ <strong>2 tone<\/strong>.<\/p>\n<p>\uf0b7\u00a0 Este un motostivuitor <strong>electric<\/strong>, lucru vizibil prin construc\u021bia mai compact\u0103 \u0219i lipsa sistemului de evacuare.<\/p>\n<p>\uf0b7\u00a0 Este potrivit pentru <strong>spa\u021bii interioare<\/strong> \u0219i zone unde nu este recomandat\u0103 utilizarea motoarelor pe combustibil (ex. depozite, hale de produc\u021bie).<\/p>\n<p>\uf0b7\u00a0 Are <strong>catarg triplu<\/strong> cu protec\u021bie \u0219i benzi reflectorizante galben-negru pentru vizibilitate sporit\u0103.<\/p>\n<p>\uf0b7\u00a0 Este echipat cu <strong>cabin\u0103 deschis\u0103 cu protec\u021bie deasupra capului<\/strong>, pentru siguran\u021ba operatorului.<\/p>\n<p>\uf0b7\u00a0 Dimensiunea mai redus\u0103 \u0219i raza de virare mic\u0103 \u00eel fac util \u00een locuri \u00eenguste.<\/p>\n<p>\uf0b7\u00a0 Poate lucra pe podele de beton sau asfalt, dar nu este recomandat pe teren accidentat.[\/vc_column_text][\/vc_column][\/vc_row][vc_row][vc_column width=&#8221;1\/4&#8243;][vc_gallery interval=&#8221;3&#8243; images=&#8221;1264,1265,1266,1267,1268,1269&#8243;][\/vc_column][vc_column width=&#8221;3\/4&#8243;][vc_column_text]Motostivuitor marca <strong>Hyster<\/strong>, model <strong>Hyster 2.50<\/strong><\/p>\n<p><strong>\uf0b7\u00a0 Capacitatea de ridicare este de aproximativ 2,5 tone.<\/strong><\/p>\n<p><strong>\uf0b7\u00a0 Este folosit pentru manipularea \u0219i transportul pale\u021bilor sau a altor materiale grele pe distan\u021be scurte.<\/strong><\/p>\n<p><strong>\uf0b7\u00a0 Are catarg vertical cu furci metalice reglabile, care permit ridicarea \u0219i cobor\u00e2rea sarcinii.<\/strong><\/p>\n<p><strong>\uf0b7\u00a0 Este un motostivuitor de tip contragreutate, ceea ce \u00eenseamn\u0103 c\u0103 are o greutate mare \u00een partea din spate pentru a echilibra sarcina ridicat\u0103 \u00een fa\u021b\u0103.<\/strong><\/p>\n<p><strong>\uf0b7\u00a0 Este dotat cu sistem de avertizare luminoas\u0103 (girofar portocaliu) pentru vizibilitate \u00een zone de lucru.<\/strong><\/p>\n<p><strong>\uf0b7\u00a0 Pe scaun se observ\u0103 o casc\u0103 de protec\u021bie, semn c\u0103 operatorul trebuie s\u0103 poarte echipament de siguran\u021b\u0103.<\/strong><\/p>\n<p><strong>\uf0b7\u00a0 Este destinat utiliz\u0103rii \u00een cur\u021bi industriale, depozite sau \u0219antiere.<\/strong>[\/vc_column_text][\/vc_column][\/vc_row][vc_row][vc_column][\/vc_column][\/vc_row]<\/p>\n","protected":false},"excerpt":{"rendered":"<p>[vc_row][vc_column width=&#8221;1\/4&#8243;][vc_gallery interval=&#8221;3&#8243; images=&#8221;1248,1249,1250,1251,1252,1253&#8243; img_size=&#8221;full&#8221;][\/vc_column][vc_column width=&#8221;3\/4&#8243;][vc_column_text]Transpalet Manual: \uf0b7\u00a0 Este destinat pentru manipularea pale\u021bilor pe distan\u021be scurte \u00een depozite, hale sau camioane. \uf0b7\u00a0 Func\u021bioneaz\u0103 cu pomp\u0103 hidraulic\u0103 manual\u0103, ac\u021bionat\u0103 din m\u00e2ner. \uf0b7\u00a0 Poate ridica sarcini de aproximativ 2\u20132,5 tone, \u00een func\u021bie de model. \uf0b7\u00a0 Are ro\u021bi duble frontale la cap\u0103tul m\u00e2nerului, ceea ce \u00eel face mai [&hellip;]<\/p>\n","protected":false},"author":1,"featured_media":0,"parent":0,"menu_order":0,"comment_status":"closed","ping_status":"closed","template":"page-templates\/template-canvas.php","meta":{"footnotes":""},"class_list":["post-1242","page","type-page","status-publish","hentry"],"_links":{"self":[{"href":"https:\/\/taipan.ro\/index.php\/wp-json\/wp\/v2\/pages\/1242","targetHints":{"allow":["GET"]}}],"collection":[{"href":"https:\/\/taipan.ro\/index.php\/wp-json\/wp\/v2\/pages"}],"about":[{"href":"https:\/\/taipan.ro\/index.php\/wp-json\/wp\/v2\/types\/page"}],"author":[{"embeddable":true,"href":"https:\/\/taipan.ro\/index.php\/wp-json\/wp\/v2\/users\/1"}],"replies":[{"embeddable":true,"href":"https:\/\/taipan.ro\/index.php\/wp-json\/wp\/v2\/comments?post=1242"}],"version-history":[{"count":8,"href":"https:\/\/taipan.ro\/index.php\/wp-json\/wp\/v2\/pages\/1242\/revisions"}],"predecessor-version":[{"id":1270,"href":"https:\/\/taipan.ro\/index.php\/wp-json\/wp\/v2\/pages\/1242\/revisions\/1270"}],"wp:attachment":[{"href":"https:\/\/taipan.ro\/index.php\/wp-json\/wp\/v2\/media?parent=1242"}],"curies":[{"name":"wp","href":"https:\/\/api.w.org\/{rel}","templated":true}]}}